{"id":797,"date":"2016-04-12T10:03:07","date_gmt":"2016-04-12T10:03:07","guid":{"rendered":"http:\/\/maven-side.com\/?page_id=9"},"modified":"2016-04-12T10:03:07","modified_gmt":"2016-04-12T10:03:07","slug":"quest-ce-que-nous-faisons","status":"publish","type":"page","link":"https:\/\/maven-side.com\/index.php\/fr\/quest-ce-que-nous-faisons\/","title":{"rendered":"Ce que nous faisons"},"content":{"rendered":"<p>[vc_row][vc_column][rev_slider_vc alias=&#8221;slider2&#8243;][vc_empty_space height=&#8221;50px&#8221;][vc_column_text]<\/p>\n<h2 class=\"no-margin-top scheme2\" style=\"text-align: center;\">Nous assurons un changement de comportement durable et augmentons la valeur et la performance de l\u2019entreprise<\/h2>\n<p>[\/vc_column_text][vc_empty_space height=&#8221;40px&#8221;][vc_row_inner][vc_column_inner width=&#8221;1\/2&#8243;][vc_column_text]La technologie et les outils peuvent garder le processus sur la bonne voie, mais m\u00eame l\u2019application la plus cool n\u2019est pas \u00e0 la hauteur de la capacit\u00e9 de tenir un dialogue et d\u2019articuler clairement la valeur, d\u2019un \u0153il \u00e0 l\u2019autre. Le probl\u00e8me est que la plupart des vendeurs n\u2019ont pas les comp\u00e9tences ou la confiance n\u00e9cessaires pour entamer des conversations convaincantes avec les clients. C\u2019est l\u00e0 que Cosine peut vous aider.<\/p>\n<p>MAVENSIDE SERVICES est une soci\u00e9t\u00e9 mondiale de formation et de conseil en gestion de projets, agile et analyse d\u2019entreprise. Nous avons plus de 10 ans d\u2019exp\u00e9rience dans la cr\u00e9ation de solutions de formation personnalis\u00e9es qui am\u00e9liorent les capacit\u00e9s organisationnelles et am\u00e9liorent les comp\u00e9tences individuelles n\u00e9cessaires \u00e0 la croissance d\u2019entreprises rentables.<\/p>\n<p>[\/vc_column_text][\/vc_column_inner][vc_column_inner width=&#8221;1\/2&#8243;][vc_column_text]L\u2019approche de MAVENSIDES SERVICES est tr\u00e8s collaborative, avec un accent sur l\u2019activation de la bonne activit\u00e9 de formation et de conseil et des dialogues clients efficaces \u00e0 chaque \u00e9tape de votre cycle de vie du projet. Pour vous aider \u00e0 atteindre vos objectifs, nous nous assaisons avec vous pour d\u00e9velo<strong>pper une culture d\u2019apprentissage contin<\/strong>u qui favorise une am\u00e9lioration soutenue des performances.<\/p>\n<p>Nous doterons votre organisation des comp\u00e9tences efficaces en gestion de projet gr\u00e2ce \u00e0 notre formation et \u00e0 notre coaching et \u00e0 notre syst\u00e8me \u00e9prouv\u00e9 de gestion de l\u2019apprentissage qui combine des capacit\u00e9s d\u2019\u00e9valuation, de personnalisation, de formation et des outils int\u00e9gr\u00e9s de soutien du rendement pour soutenir et renforcer l\u2019apprentissage.[\/vc_column_text][\/vc_column_inner][\/vc_row_inner][vc_empty_space height=&#8221;50px&#8221;][\/vc_column][\/vc_row][vc_row full_width=&#8221;stretch_row&#8221; css=&#8221;.vc_custom_1462419749965{padding-top: 60px !important;padding-bottom: 60px !important;background: #f1f2f8 url(http:\/\/maven-side.com\/wp-content\/uploads\/2016\/04\/page-title-bg.png?id=4) !important;}&#8221;][vc_column][vc_row_inner][vc_column_inner width=&#8221;1\/6&#8243;][\/vc_column_inner][vc_column_inner width=&#8221;2\/3&#8243;][vc_column_text]<\/p>\n<h4 class=\"no-margin-top\" style=\"text-align: center; font-size: 20px;\">Nous mettons l\u2019accent sur les comp\u00e9tences pour g\u00e9rer le projet effctivement et les outils qui permettent \u00e0 votre personnel de r\u00e9ussir.<\/h4>\n<p style=\"text-align: center;\">Cliquez sur un lien ci-dessous pour en savoir plus sur la fa\u00e7on dont nous pouvons aider \u00e0 am\u00e9liorer les performances de votre \u00e9quipe ou t\u00e9l\u00e9chargez notre guide LMS pour en savoir plus sur notre syst\u00e8me de gestion de l\u2019apprentissage<\/p>\n<p>[\/vc_column_text][\/vc_column_inner][vc_column_inner width=&#8221;1\/6&#8243;][\/vc_column_inner][\/vc_row_inner][vc_empty_space height=&#8221;40px&#8221;][vc_row_inner][vc_column_inner width=&#8221;1\/3&#8243;][vc_column_text]\n<!-- BEGIN .imagebox -->\n<div class=\"imagebox  \">\n\t<div class=\"box-wrapper\">\n\t\t\t\t\t\n\t\t\t<div class=\"box-image\">\n\t\t\t\t<img loading=\"lazy\" decoding=\"async\" width=\"700\" height=\"500\" src=\"https:\/\/maven-side.com\/wp-content\/uploads\/2016\/04\/1.jpg\" class=\"attachment-full\" alt=\"\" srcset=\"https:\/\/maven-side.com\/wp-content\/uploads\/2016\/04\/1.jpg 700w, https:\/\/maven-side.com\/wp-content\/uploads\/2016\/04\/1-600x429.jpg 600w, https:\/\/maven-side.com\/wp-content\/uploads\/2016\/04\/1-300x214.jpg 300w, https:\/\/maven-side.com\/wp-content\/uploads\/2016\/04\/1-555x396.jpg 555w\" sizes=\"auto, (max-width: 700px) 100vw, 700px\" \/>\t\t\t<\/div>\n\n\t\t\n\t\t<div class=\"box-header\">\n\t\t\t<h3 class=\"box-title\">\n\t\t\t\t<a href=\"\" target=\"_self\">\n\t\t\t\t\tEXPERIENCE THE BEST LMS PLATFORM\t\t\t\t<\/a>\t\n\t\t\t<\/h3>\n\n\t\t\t\t\t<\/div>\n\n\t\t<div class=\"box-content\">\n\t\t\t\t\t\t\t<div class=\"box-desc\">\n\t\t\t\t\tNos solutions LMS offrent un contenu \u00e9prouv\u00e9, une personnalisation approfondie et une perspective experte pour vous aider \u00e0 r\u00e9pondre \u00e0 vos besoins exacts en mati\u00e8re \t\t\t\t<\/div>\n\t\t\t\t\t\t\n\t\t\t\t\t\t\t\n\t\t\t\t<div class=\"box-button\">\n\t\t\t\t\t<a href=\"\" target=\"_self\">\n\t\t\t\t\t\tLearn more\t\t\t\t\t<\/a>\n\t\t\t\t<\/div>\n\n\t\t\t\t\t<\/div>\n\t<\/div>\n<\/div>\n<!-- End .imagebox -->\n[\/vc_column_text][\/vc_column_inner][vc_column_inner width=&#8221;1\/3&#8243;][vc_column_text]\n<!-- BEGIN .imagebox -->\n<div class=\"imagebox  \">\n\t<div class=\"box-wrapper\">\n\t\t\t\t\t\n\t\t\t<div class=\"box-image\">\n\t\t\t\t<img loading=\"lazy\" decoding=\"async\" width=\"700\" height=\"500\" src=\"https:\/\/maven-side.com\/wp-content\/uploads\/2016\/04\/2.jpg\" class=\"attachment-full\" alt=\"\" srcset=\"https:\/\/maven-side.com\/wp-content\/uploads\/2016\/04\/2.jpg 700w, https:\/\/maven-side.com\/wp-content\/uploads\/2016\/04\/2-600x429.jpg 600w, https:\/\/maven-side.com\/wp-content\/uploads\/2016\/04\/2-300x214.jpg 300w, https:\/\/maven-side.com\/wp-content\/uploads\/2016\/04\/2-555x396.jpg 555w\" sizes=\"auto, (max-width: 700px) 100vw, 700px\" \/>\t\t\t<\/div>\n\n\t\t\n\t\t<div class=\"box-header\">\n\t\t\t<h3 class=\"box-title\">\n\t\t\t\t<a href=\"\" target=\"_self\">\n\t\t\t\t\tProject Management and PMO Solution\t\t\t\t<\/a>\t\n\t\t\t<\/h3>\n\n\t\t\t\t\t<\/div>\n\n\t\t<div class=\"box-content\">\n\t\t\t\t\t\t\t<div class=\"box-desc\">\n\t\t\t\t\tde d\u00e9veloppement. Tout ce dont vous avez besoin pour g\u00e9rer vos projets et votre CPM en un seul o\t\t\t\t<\/div>\n\t\t\t\t\t\t\n\t\t\t\t\t\t\t\n\t\t\t\t<div class=\"box-button\">\n\t\t\t\t\t<a href=\"\" target=\"_self\">\n\t\t\t\t\t\tLearn more\t\t\t\t\t<\/a>\n\t\t\t\t<\/div>\n\n\t\t\t\t\t<\/div>\n\t<\/div>\n<\/div>\n<!-- End .imagebox -->\n[\/vc_column_text][\/vc_column_inner][vc_column_inner width=&#8221;1\/3&#8243;][vc_column_text]\n<!-- BEGIN .imagebox -->\n<div class=\"imagebox  \">\n\t<div class=\"box-wrapper\">\n\t\t\t\t\t\n\t\t\t<div class=\"box-image\">\n\t\t\t\t<img loading=\"lazy\" decoding=\"async\" width=\"700\" height=\"500\" src=\"https:\/\/maven-side.com\/wp-content\/uploads\/2016\/04\/3.jpg\" class=\"attachment-full\" alt=\"\" srcset=\"https:\/\/maven-side.com\/wp-content\/uploads\/2016\/04\/3.jpg 700w, https:\/\/maven-side.com\/wp-content\/uploads\/2016\/04\/3-600x429.jpg 600w, https:\/\/maven-side.com\/wp-content\/uploads\/2016\/04\/3-300x214.jpg 300w, https:\/\/maven-side.com\/wp-content\/uploads\/2016\/04\/3-555x396.jpg 555w\" sizes=\"auto, (max-width: 700px) 100vw, 700px\" \/>\t\t\t<\/div>\n\n\t\t\n\t\t<div class=\"box-header\">\n\t\t\t<h3 class=\"box-title\">\n\t\t\t\t<a href=\"\" target=\"_self\">\n\t\t\t\t\tContinuous Learning Approach\t\t\t\t<\/a>\t\n\t\t\t<\/h3>\n\n\t\t\t\t\t<\/div>\n\n\t\t<div class=\"box-content\">\n\t\t\t\t\t\t\t<div class=\"box-desc\">\n\t\t\t\t\tutil!. Chez MAVENSIDE SERVICES, nous cherchons \u00e0 nous associer \u00e0 vous pour d\u00e9velopper des solutions d\u2019apprentissage continu qui aident \u00e0 changer les comportements, \u00e0 am\u00e9liorer l\u2019efficacit\u00e9 de votre organisation.\t\t\t\t<\/div>\n\t\t\t\t\t\t\n\t\t\t\t\t\t\t\n\t\t\t\t<div class=\"box-button\">\n\t\t\t\t\t<a href=\"\" target=\"_self\">\n\t\t\t\t\t\tLearn more\t\t\t\t\t<\/a>\n\t\t\t\t<\/div>\n\n\t\t\t\t\t<\/div>\n\t<\/div>\n<\/div>\n<!-- End .imagebox -->\n[\/vc_column_text][\/vc_column_inner][\/vc_row_inner][\/vc_column][\/vc_row][vc_row full_width=&#8221;stretch_row&#8221; css=&#8221;.vc_custom_1462421598727{margin-top: 50px !important;padding-top: 20px !important;padding-bottom: 20px !important;}&#8221;][vc_column][vc_column_text]<\/p>\n<h2 style=\"margin: 0px 0px 10px; text-align: center;\">Augmentez la valeur de votre entreprise!<\/h2>\n<h4 class=\"no-margin-top\" style=\"text-align: center;\">Contactez notre Expert Groupe d\u00e8s aujourd\u2019hu<a class=\"scheme2\" href=\"tel:+353 818 003351\">i au +353 818 003351<\/a><\/h4>\n<p>[\/vc_column_text][vc_empty_space height=&#8221;30px&#8221;][vc_column_text]<\/p>\n<p style=\"text-align: center;\"><a class=\"button lg\" href=\"https:\/\/maven-side.com\/index.php\/contact\/\">Contactez-nous maintenant<\/a><\/p>\n<p>[\/vc_column_text][\/vc_column][\/vc_row]<\/p>\n","protected":false},"excerpt":{"rendered":"<p>[vc_row][vc_column][rev_slider_vc alias=&#8221;slider2&#8243;][vc_empty_space height=&#8221;50px&#8221;][vc_column_text] Nous assurons un changement de comportement durable et augmentons la valeur et la performance de l\u2019entreprise [\/vc_column_text][vc_empty_space height=&#8221;40px&#8221;][vc_row_inner][vc_column_inner width=&#8221;1\/2&#8243;][vc_column_text]La technologie et les outils peuvent garder le processus sur la bonne voie, mais m\u00eame l\u2019application la plus cool n\u2019est pas \u00e0 la hauteur de la capacit\u00e9 de tenir un dialogue et d\u2019articuler clairement [&hellip;]<\/p>\n","protected":false},"author":1,"featured_media":0,"parent":0,"menu_order":0,"comment_status":"closed","ping_status":"closed","template":"","meta":{"_monsterinsights_skip_tracking":false,"_monsterinsights_sitenote_active":false,"_monsterinsights_sitenote_note":"","_monsterinsights_sitenote_category":0,"footnotes":""},"class_list":["post-797","page","type-page","status-publish","hentry","no-post-thumbnail"],"jetpack_sharing_enabled":true,"_links":{"self":[{"href":"https:\/\/maven-side.com\/index.php\/wp-json\/wp\/v2\/pages\/797","targetHints":{"allow":["GET"]}}],"collection":[{"href":"https:\/\/maven-side.com\/index.php\/wp-json\/wp\/v2\/pages"}],"about":[{"href":"https:\/\/maven-side.com\/index.php\/wp-json\/wp\/v2\/types\/page"}],"author":[{"embeddable":true,"href":"https:\/\/maven-side.com\/index.php\/wp-json\/wp\/v2\/users\/1"}],"replies":[{"embeddable":true,"href":"https:\/\/maven-side.com\/index.php\/wp-json\/wp\/v2\/comments?post=797"}],"version-history":[{"count":0,"href":"https:\/\/maven-side.com\/index.php\/wp-json\/wp\/v2\/pages\/797\/revisions"}],"wp:attachment":[{"href":"https:\/\/maven-side.com\/index.php\/wp-json\/wp\/v2\/media?parent=797"}],"curies":[{"name":"wp","href":"https:\/\/api.w.org\/{rel}","templated":true}]}}